{"id":6047,"date":"2023-01-25T16:08:40","date_gmt":"2023-01-25T15:08:40","guid":{"rendered":"https:\/\/foto-wasik.pl\/?page_id=6047"},"modified":"2023-01-25T16:22:14","modified_gmt":"2023-01-25T15:22:14","slug":"sesje-okazjonalne","status":"publish","type":"page","link":"https:\/\/foto-wasik.pl\/index.php\/galeria\/sesje-okazjonalne\/","title":{"rendered":"SESJE OKAZJONALNE"},"content":{"rendered":"<p>[et_pb_section fb_built=&#8221;1&#8243; _builder_version=&#8221;4.18.0&#8243; _module_preset=&#8221;default&#8221; global_colors_info=&#8221;{}&#8221;][et_pb_row column_structure=&#8221;1_3,1_3,1_3&#8243; _builder_version=&#8221;4.18.0&#8243; _module_preset=&#8221;default&#8221; global_colors_info=&#8221;{}&#8221;][et_pb_column type=&#8221;1_3&#8243; _builder_version=&#8221;4.18.0&#8243; _module_preset=&#8221;default&#8221; global_colors_info=&#8221;{}&#8221;][et_pb_blurb image=&#8221;https:\/\/foto-wasik.pl\/wp-content\/uploads\/2023\/01\/IMG_-10.jpg&#8221; _builder_version=&#8221;4.18.0&#8243; _module_preset=&#8221;default&#8221; title_text=&#8221;IMG_ (10)&#8221; hover_enabled=&#8221;0&#8243; sticky_enabled=&#8221;0&#8243; url=&#8221;https:\/\/foto-wasik.pl\/index.php\/galeria\/sesje-okazjonalne\/dzien-babci-i-dziadka\/&#8221;]<\/p>\n<h1 style=\"text-align: center;\">DZIE\u0143 BABCI I DZIADKA 2023<\/h1>\n<p>[\/et_pb_blurb][\/et_pb_column][et_pb_column type=&#8221;1_3&#8243; _builder_version=&#8221;4.18.0&#8243; _module_preset=&#8221;default&#8221; global_colors_info=&#8221;{}&#8221;][\/et_pb_column][et_pb_column type=&#8221;1_3&#8243; _builder_version=&#8221;4.18.0&#8243; _module_preset=&#8221;default&#8221; global_colors_info=&#8221;{}&#8221;][\/et_pb_column][\/et_pb_row][\/et_pb_section][et_pb_section fb_built=&#8221;1&#8243; fullwidth=&#8221;on&#8221; admin_label=&#8221;Feature&#8221; _builder_version=&#8221;4.16&#8243; background_image=&#8221;http:\/\/serwer1421977.home.pl\/luty19\/kamilw\/wp-content\/uploads\/2019\/02\/venice-3118803_1920-1.jpg&#8221; custom_margin=&#8221;|5%||&#8221; custom_padding=&#8221;0px|0|0px|0px|false|false&#8221; border_radii=&#8221;||26vw|26vw|&#8221; locked=&#8221;off&#8221; global_colors_info=&#8221;{}&#8221;][et_pb_fullwidth_header _builder_version=&#8221;4.16&#8243; title_level=&#8221;h2&#8243; title_font=&#8221;Share Tech||||||||&#8221; title_font_size=&#8221;48px&#8221; title_line_height=&#8221;1.2em&#8221; content_font=&#8221;Open Sans||||||||&#8221; content_font_size=&#8221;18px&#8221; content_line_height=&#8221;1.8em&#8221; subhead_font=&#8221;||||||||&#8221; background_color=&#8221;rgba(0,0,0,0)&#8221; use_background_color_gradient=&#8221;on&#8221; background_color_gradient_direction=&#8221;140deg&#8221; background_color_gradient_stops=&#8221;rgba(0,0,0,0.9) 0%|rgba(0,0,0,0.55) 100%&#8221; background_color_gradient_start=&#8221;rgba(0,0,0,0.9)&#8221; background_color_gradient_end=&#8221;rgba(0,0,0,0.55)&#8221; parallax=&#8221;on&#8221; parallax_method=&#8221;on&#8221; custom_button_one=&#8221;on&#8221; button_one_text_size=&#8221;15px&#8221; button_one_bg_color=&#8221;#ffa727&#8243; button_one_border_width=&#8221;10px&#8221; button_one_border_color=&#8221;#ffa727&#8243; button_one_border_radius=&#8221;100px&#8221; button_one_letter_spacing=&#8221;5px&#8221; button_one_font=&#8221;Open Sans|700||on|||||&#8221; button_one_use_icon=&#8221;off&#8221; custom_margin=&#8221;|||&#8221; custom_padding=&#8221;100px||100px||true&#8221; custom_padding_tablet=&#8221;|||&#8221; custom_padding_phone=&#8221;|||&#8221; custom_padding_last_edited=&#8221;off|desktop&#8221; title_font_size_tablet=&#8221;&#8221; title_font_size_phone=&#8221;36px&#8221; title_font_size_last_edited=&#8221;on|desktop&#8221; content_font_size_tablet=&#8221;&#8221; content_font_size_phone=&#8221;16px&#8221; content_font_size_last_edited=&#8221;on|phone&#8221; button_one_text_size_last_edited=&#8221;off|desktop&#8221; button_two_text_size_tablet=&#8221;&#8221; button_two_text_size_phone=&#8221;&#8221; button_two_text_size_last_edited=&#8221;on|desktop&#8221; button_one_border_color_hover=&#8221;#ff8a3d&#8221; button_one_border_radius_hover=&#8221;100px&#8221; button_one_letter_spacing_hover=&#8221;5px&#8221; button_one_bg_color_hover=&#8221;#ff8a3d&#8221; global_colors_info=&#8221;{}&#8221; button_one_text_size__hover_enabled=&#8221;off&#8221; button_two_text_size__hover_enabled=&#8221;off&#8221; button_one_text_color__hover_enabled=&#8221;off&#8221; button_two_text_color__hover_enabled=&#8221;off&#8221; button_one_border_width__hover_enabled=&#8221;off&#8221; button_two_border_width__hover_enabled=&#8221;off&#8221; button_one_border_color__hover_enabled=&#8221;on&#8221; button_one_border_color__hover=&#8221;#ff8a3d&#8221; button_two_border_color__hover_enabled=&#8221;off&#8221; button_one_border_radius__hover_enabled=&#8221;on&#8221; button_one_border_radius__hover=&#8221;100px&#8221; button_two_border_radius__hover_enabled=&#8221;off&#8221; button_one_letter_spacing__hover_enabled=&#8221;on&#8221; button_one_letter_spacing__hover=&#8221;5px&#8221; button_two_letter_spacing__hover_enabled=&#8221;off&#8221; button_one_bg_color__hover_enabled=&#8221;on&#8221; button_one_bg_color__hover=&#8221;#ff8a3d&#8221; button_two_bg_color__hover_enabled=&#8221;off&#8221;][\/et_pb_fullwidth_header][\/et_pb_section][et_pb_section fb_built=&#8221;1&#8243; custom_padding_last_edited=&#8221;off|desktop&#8221; admin_label=&#8221;Footer&#8221; _builder_version=&#8221;4.16&#8243; use_background_color_gradient=&#8221;on&#8221; background_color_gradient_direction=&#8221;140deg&#8221; background_color_gradient_stops=&#8221;#000000 0%|rgba(0,0,0,0.6) 100%&#8221; background_color_gradient_overlays_image=&#8221;on&#8221; background_color_gradient_start=&#8221;#000000&#8243; background_color_gradient_end=&#8221;rgba(0,0,0,0.6)&#8221; background_image=&#8221;https:\/\/foto-wasik.pl\/wp-content\/uploads\/2019\/04\/IMG_6205.jpg&#8221; custom_margin=&#8221;|||&#8221; custom_padding=&#8221;35px|0px|35px|0px|true|false&#8221; custom_padding_tablet=&#8221;10vw||10vw||true&#8221; custom_padding_phone=&#8221;5vw||5vw||true&#8221; background_color_gradient_stops_tablet=&#8221;#000000 0%|rgba(0,0,0,0.6) 100%&#8221; background_color_gradient_stops_phone=&#8221;#000000 0%|rgba(0,0,0,0.6) 100%&#8221; global_module=&#8221;68&#8243; saved_tabs=&#8221;all&#8221; locked=&#8221;off&#8221; global_colors_info=&#8221;{}&#8221;][et_pb_row column_structure=&#8221;2_3,1_3&#8243; use_custom_gutter=&#8221;on&#8221; _builder_version=&#8221;4.16&#8243; custom_padding=&#8221;0|0px|27px|0px|false|false&#8221; use_custom_width=&#8221;on&#8221; global_colors_info=&#8221;{}&#8221;][et_pb_column type=&#8221;2_3&#8243; _builder_version=&#8221;4.16&#8243; custom_padding=&#8221;|||&#8221; global_colors_info=&#8221;{}&#8221; custom_padding__hover=&#8221;|||&#8221;][et_pb_contact_form captcha=&#8221;off&#8221; email=&#8221;fotografia@foto-wasik.pl&#8221; title=&#8221;Napisz do nas&#8221; submit_button_text=&#8221;Wy\u015blij !&#8221; module_id=&#8221;et_pb_contact_form_0&#8243; _builder_version=&#8221;4.16&#8243; _unique_id=&#8221;63eac321-1195-4c8d-a0ab-c7580357b5fd&#8221; form_field_background_color=&#8221;rgba(0,0,0,0)&#8221; form_field_text_color=&#8221;#ffffff&#8221; title_level=&#8221;h2&#8243; title_font=&#8221;Share Tech||||||||&#8221; title_text_color=&#8221;#ffffff&#8221; title_font_size=&#8221;50px&#8221; title_line_height=&#8221;1.2em&#8221; form_field_font=&#8221;Open Sans|700|||||||&#8221; form_field_letter_spacing=&#8221;2px&#8221; form_field_line_height=&#8221;1.8em&#8221; custom_button=&#8221;on&#8221; button_text_size=&#8221;15px&#8221; button_text_color=&#8221;#ffffff&#8221; button_bg_color=&#8221;#d1b100&#8243; button_border_width=&#8221;10px&#8221; button_border_color=&#8221;#d1b100&#8243; button_border_radius=&#8221;100px&#8221; button_letter_spacing=&#8221;5px&#8221; button_font=&#8221;Open Sans|700||on|||||&#8221; button_use_icon=&#8221;off&#8221; button_text_size_last_edited=&#8221;off|desktop&#8221; border_width_bottom=&#8221;2px&#8221; border_color_bottom=&#8221;#ffffff&#8221; form_background_color=&#8221;rgba(0,0,0,0)&#8221; global_colors_info=&#8221;{}&#8221;][et_pb_contact_field field_id=&#8221;Imi\u0119&#8221; field_title=&#8221;Imi\u0119&#8221; _builder_version=&#8221;4.16&#8243; global_colors_info=&#8221;{}&#8221; button_text_size__hover_enabled=&#8221;off&#8221; button_one_text_size__hover_enabled=&#8221;off&#8221; button_two_text_size__hover_enabled=&#8221;off&#8221; button_text_color__hover_enabled=&#8221;off&#8221; button_one_text_color__hover_enabled=&#8221;off&#8221; button_two_text_color__hover_enabled=&#8221;off&#8221; button_border_width__hover_enabled=&#8221;off&#8221; button_one_border_width__hover_enabled=&#8221;off&#8221; button_two_border_width__hover_enabled=&#8221;off&#8221; button_border_color__hover_enabled=&#8221;off&#8221; button_one_border_color__hover_enabled=&#8221;off&#8221; button_two_border_color__hover_enabled=&#8221;off&#8221; button_border_radius__hover_enabled=&#8221;off&#8221; button_one_border_radius__hover_enabled=&#8221;off&#8221; button_two_border_radius__hover_enabled=&#8221;off&#8221; button_letter_spacing__hover_enabled=&#8221;off&#8221; button_one_letter_spacing__hover_enabled=&#8221;off&#8221; button_two_letter_spacing__hover_enabled=&#8221;off&#8221; button_bg_color__hover_enabled=&#8221;off&#8221; button_one_bg_color__hover_enabled=&#8221;off&#8221; button_two_bg_color__hover_enabled=&#8221;off&#8221;][\/et_pb_contact_field][et_pb_contact_field field_id=&#8221;Email&#8221; field_title=&#8221;Email&#8221; field_type=&#8221;email&#8221; _builder_version=&#8221;4.16&#8243; global_colors_info=&#8221;{}&#8221; button_text_size__hover_enabled=&#8221;off&#8221; button_one_text_size__hover_enabled=&#8221;off&#8221; button_two_text_size__hover_enabled=&#8221;off&#8221; button_text_color__hover_enabled=&#8221;off&#8221; button_one_text_color__hover_enabled=&#8221;off&#8221; button_two_text_color__hover_enabled=&#8221;off&#8221; button_border_width__hover_enabled=&#8221;off&#8221; button_one_border_width__hover_enabled=&#8221;off&#8221; button_two_border_width__hover_enabled=&#8221;off&#8221; button_border_color__hover_enabled=&#8221;off&#8221; button_one_border_color__hover_enabled=&#8221;off&#8221; button_two_border_color__hover_enabled=&#8221;off&#8221; button_border_radius__hover_enabled=&#8221;off&#8221; button_one_border_radius__hover_enabled=&#8221;off&#8221; button_two_border_radius__hover_enabled=&#8221;off&#8221; button_letter_spacing__hover_enabled=&#8221;off&#8221; button_one_letter_spacing__hover_enabled=&#8221;off&#8221; button_two_letter_spacing__hover_enabled=&#8221;off&#8221; button_bg_color__hover_enabled=&#8221;off&#8221; button_one_bg_color__hover_enabled=&#8221;off&#8221; button_two_bg_color__hover_enabled=&#8221;off&#8221;][\/et_pb_contact_field][et_pb_contact_field field_id=&#8221;Wiadomo\u015b\u0107&#8221; field_title=&#8221;Wiadomo\u015b\u0107&#8221; field_type=&#8221;text&#8221; fullwidth_field=&#8221;on&#8221; _builder_version=&#8221;4.16&#8243; global_colors_info=&#8221;{}&#8221; button_text_size__hover_enabled=&#8221;off&#8221; button_one_text_size__hover_enabled=&#8221;off&#8221; button_two_text_size__hover_enabled=&#8221;off&#8221; button_text_color__hover_enabled=&#8221;off&#8221; button_one_text_color__hover_enabled=&#8221;off&#8221; button_two_text_color__hover_enabled=&#8221;off&#8221; button_border_width__hover_enabled=&#8221;off&#8221; button_one_border_width__hover_enabled=&#8221;off&#8221; button_two_border_width__hover_enabled=&#8221;off&#8221; button_border_color__hover_enabled=&#8221;off&#8221; button_one_border_color__hover_enabled=&#8221;off&#8221; button_two_border_color__hover_enabled=&#8221;off&#8221; button_border_radius__hover_enabled=&#8221;off&#8221; button_one_border_radius__hover_enabled=&#8221;off&#8221; button_two_border_radius__hover_enabled=&#8221;off&#8221; button_letter_spacing__hover_enabled=&#8221;off&#8221; button_one_letter_spacing__hover_enabled=&#8221;off&#8221; button_two_letter_spacing__hover_enabled=&#8221;off&#8221; button_bg_color__hover_enabled=&#8221;off&#8221; button_one_bg_color__hover_enabled=&#8221;off&#8221; button_two_bg_color__hover_enabled=&#8221;off&#8221;][\/et_pb_contact_field][\/et_pb_contact_form][\/et_pb_column][et_pb_column type=&#8221;1_3&#8243; _builder_version=&#8221;4.16&#8243; custom_padding=&#8221;120px|||&#8221; custom_padding_tablet=&#8221;0px|||&#8221; custom_padding_phone=&#8221;&#8221; custom_padding_last_edited=&#8221;on|tablet&#8221; global_colors_info=&#8221;{}&#8221; custom_padding__hover=&#8221;|||&#8221;][et_pb_blurb title=&#8221;Zadzwo\u0144:&#8221; use_icon=&#8221;on&#8221; font_icon=&#8221;&#xe090;||divi||400&#8243; icon_color=&#8221;#d1b100&#8243; icon_placement=&#8221;left&#8221; image_icon_width=&#8221;28px&#8221; content_max_width=&#8221;1100px&#8221; _builder_version=&#8221;4.16&#8243; header_font=&#8221;Share Tech||||||||&#8221; header_font_size=&#8221;24px&#8221; header_line_height=&#8221;1.2em&#8221; body_font=&#8221;Open Sans||||||||&#8221; body_font_size=&#8221;16px&#8221; body_line_height=&#8221;1.8em&#8221; background_layout=&#8221;dark&#8221; custom_padding=&#8221;|||&#8221; animation_style=&#8221;fold&#8221; animation_delay=&#8221;150ms&#8221; animation=&#8221;off&#8221; icon_font_size=&#8221;28px&#8221; locked=&#8221;off&#8221; global_colors_info=&#8221;{}&#8221;]<\/p>\n<p>601-983-417<\/p>\n<p>[\/et_pb_blurb][et_pb_blurb title=&#8221;E-mail&#8221; use_icon=&#8221;on&#8221; font_icon=&#8221;&#xe010;||divi||400&#8243; icon_color=&#8221;#d1b100&#8243; icon_placement=&#8221;left&#8221; image_icon_width=&#8221;28px&#8221; content_max_width=&#8221;1100px&#8221; _builder_version=&#8221;4.16&#8243; header_font=&#8221;Share Tech||||||||&#8221; header_font_size=&#8221;24px&#8221; header_line_height=&#8221;1.2em&#8221; body_font=&#8221;Open Sans||||||||&#8221; body_font_size=&#8221;16px&#8221; body_line_height=&#8221;1.8em&#8221; background_layout=&#8221;dark&#8221; custom_padding=&#8221;|||&#8221; animation_style=&#8221;fold&#8221; animation_delay=&#8221;150ms&#8221; animation=&#8221;off&#8221; icon_font_size=&#8221;28px&#8221; locked=&#8221;off&#8221; global_colors_info=&#8221;{}&#8221;]<\/p>\n<p>fotografia@foto-wasik.pl<\/p>\n<p>biuro@foto-wasik.pl<\/p>\n<p>[\/et_pb_blurb][\/et_pb_column][\/et_pb_row][\/et_pb_section]<\/p>\n","protected":false},"excerpt":{"rendered":"<p>DZIE\u0143 BABCI I DZIADKA 2023601-983-417fotografia@foto-wasik.pl biuro@foto-wasik.pl<\/p>\n","protected":false},"author":1,"featured_media":0,"parent":10,"menu_order":0,"comment_status":"closed","ping_status":"closed","template":"","meta":{"_et_pb_use_builder":"on","_et_pb_old_content":"","_et_gb_content_width":""},"yoast_head":"<!-- This site is optimized with the Yoast SEO plugin v19.5.1 - https:\/\/yoast.com\/wordpress\/plugins\/seo\/ -->\n<title>SESJE OKAZJONALNE - FOTO-W\u0104SIK | FOTOGRAFIA I FILMOWANIE \u015aLUBNE<\/title>\n<meta name=\"robots\" content=\"index, follow, max-snippet:-1, max-image-preview:large, max-video-preview:-1\" \/>\n<link rel=\"canonical\" href=\"https:\/\/foto-wasik.pl\/index.php\/galeria\/sesje-okazjonalne\/\" \/>\n<meta property=\"og:locale\" content=\"pl_PL\" \/>\n<meta property=\"og:type\" content=\"article\" \/>\n<meta property=\"og:title\" content=\"SESJE OKAZJONALNE - FOTO-W\u0104SIK | FOTOGRAFIA I FILMOWANIE \u015aLUBNE\" \/>\n<meta property=\"og:description\" content=\"DZIE\u0143 BABCI I DZIADKA 2023601-983-417fotografia@foto-wasik.pl biuro@foto-wasik.pl\" \/>\n<meta property=\"og:url\" content=\"https:\/\/foto-wasik.pl\/index.php\/galeria\/sesje-okazjonalne\/\" \/>\n<meta property=\"og:site_name\" content=\"FOTO-W\u0104SIK | FOTOGRAFIA I FILMOWANIE \u015aLUBNE\" \/>\n<meta property=\"article:publisher\" content=\"https:\/\/www.facebook.com\/fotowasikfotografiaifilmowanie\" \/>\n<meta property=\"article:modified_time\" content=\"2023-01-25T15:22:14+00:00\" \/>\n<meta name=\"twitter:card\" content=\"summary_large_image\" \/>\n<script type=\"application\/ld+json\" class=\"yoast-schema-graph\">{\"@context\":\"https:\/\/schema.org\",\"@graph\":[{\"@type\":\"WebPage\",\"@id\":\"https:\/\/foto-wasik.pl\/index.php\/galeria\/sesje-okazjonalne\/\",\"url\":\"https:\/\/foto-wasik.pl\/index.php\/galeria\/sesje-okazjonalne\/\",\"name\":\"SESJE OKAZJONALNE - FOTO-W\u0104SIK | FOTOGRAFIA I FILMOWANIE \u015aLUBNE\",\"isPartOf\":{\"@id\":\"https:\/\/foto-wasik.pl\/#website\"},\"datePublished\":\"2023-01-25T15:08:40+00:00\",\"dateModified\":\"2023-01-25T15:22:14+00:00\",\"breadcrumb\":{\"@id\":\"https:\/\/foto-wasik.pl\/index.php\/galeria\/sesje-okazjonalne\/#breadcrumb\"},\"inLanguage\":\"pl-PL\",\"potentialAction\":[{\"@type\":\"ReadAction\",\"target\":[\"https:\/\/foto-wasik.pl\/index.php\/galeria\/sesje-okazjonalne\/\"]}]},{\"@type\":\"BreadcrumbList\",\"@id\":\"https:\/\/foto-wasik.pl\/index.php\/galeria\/sesje-okazjonalne\/#breadcrumb\",\"itemListElement\":[{\"@type\":\"ListItem\",\"position\":1,\"name\":\"Strona g\u0142\u00f3wna\",\"item\":\"https:\/\/foto-wasik.pl\/\"},{\"@type\":\"ListItem\",\"position\":2,\"name\":\"Galeria\",\"item\":\"https:\/\/foto-wasik.pl\/index.php\/galeria\/\"},{\"@type\":\"ListItem\",\"position\":3,\"name\":\"SESJE OKAZJONALNE\"}]},{\"@type\":\"WebSite\",\"@id\":\"https:\/\/foto-wasik.pl\/#website\",\"url\":\"https:\/\/foto-wasik.pl\/\",\"name\":\"FOTO-W\u0104SIK | FOTOGRAFIA I FILMOWANIE \u015aLUBNE\",\"description\":\"FOTO-W\u0104SIK to uznane studio fotograficzne wykonuj\u0105ce reporta\u017ce \u015blubne, sesje dzieci\u0119ce i wiele wi\u0119cej. Sprawd\u017a nasz\u0105 ofert\u0119 i uzupe\u0142nij formularz kontaktowy!\",\"publisher\":{\"@id\":\"https:\/\/foto-wasik.pl\/#organization\"},\"potentialAction\":[{\"@type\":\"SearchAction\",\"target\":{\"@type\":\"EntryPoint\",\"urlTemplate\":\"https:\/\/foto-wasik.pl\/?s={search_term_string}\"},\"query-input\":\"required name=search_term_string\"}],\"inLanguage\":\"pl-PL\"},{\"@type\":\"Organization\",\"@id\":\"https:\/\/foto-wasik.pl\/#organization\",\"name\":\"FOTO-W\u0104SIK | FOTOGRAFIA I FILMOWANIE \u015aLUBNE\",\"url\":\"https:\/\/foto-wasik.pl\/\",\"sameAs\":[\"https:\/\/www.facebook.com\/fotowasikfotografiaifilmowanie\"],\"logo\":{\"@type\":\"ImageObject\",\"inLanguage\":\"pl-PL\",\"@id\":\"https:\/\/foto-wasik.pl\/#\/schema\/logo\/image\/\",\"url\":\"https:\/\/foto-wasik.pl\/wp-content\/uploads\/2022\/08\/fb.jpg\",\"contentUrl\":\"https:\/\/foto-wasik.pl\/wp-content\/uploads\/2022\/08\/fb.jpg\",\"width\":340,\"height\":340,\"caption\":\"FOTO-W\u0104SIK | FOTOGRAFIA I FILMOWANIE \u015aLUBNE\"},\"image\":{\"@id\":\"https:\/\/foto-wasik.pl\/#\/schema\/logo\/image\/\"}}]}<\/script>\n<!-- \/ Yoast SEO plugin. -->","yoast_head_json":{"title":"SESJE OKAZJONALNE - FOTO-W\u0104SIK | FOTOGRAFIA I FILMOWANIE \u015aLUBNE","robots":{"index":"index","follow":"follow","max-snippet":"max-snippet:-1","max-image-preview":"max-image-preview:large","max-video-preview":"max-video-preview:-1"},"canonical":"https:\/\/foto-wasik.pl\/index.php\/galeria\/sesje-okazjonalne\/","og_locale":"pl_PL","og_type":"article","og_title":"SESJE OKAZJONALNE - FOTO-W\u0104SIK | FOTOGRAFIA I FILMOWANIE \u015aLUBNE","og_description":"DZIE\u0143 BABCI I DZIADKA 2023601-983-417fotografia@foto-wasik.pl biuro@foto-wasik.pl","og_url":"https:\/\/foto-wasik.pl\/index.php\/galeria\/sesje-okazjonalne\/","og_site_name":"FOTO-W\u0104SIK | FOTOGRAFIA I FILMOWANIE \u015aLUBNE","article_publisher":"https:\/\/www.facebook.com\/fotowasikfotografiaifilmowanie","article_modified_time":"2023-01-25T15:22:14+00:00","twitter_card":"summary_large_image","schema":{"@context":"https:\/\/schema.org","@graph":[{"@type":"WebPage","@id":"https:\/\/foto-wasik.pl\/index.php\/galeria\/sesje-okazjonalne\/","url":"https:\/\/foto-wasik.pl\/index.php\/galeria\/sesje-okazjonalne\/","name":"SESJE OKAZJONALNE - FOTO-W\u0104SIK | FOTOGRAFIA I FILMOWANIE \u015aLUBNE","isPartOf":{"@id":"https:\/\/foto-wasik.pl\/#website"},"datePublished":"2023-01-25T15:08:40+00:00","dateModified":"2023-01-25T15:22:14+00:00","breadcrumb":{"@id":"https:\/\/foto-wasik.pl\/index.php\/galeria\/sesje-okazjonalne\/#breadcrumb"},"inLanguage":"pl-PL","potentialAction":[{"@type":"ReadAction","target":["https:\/\/foto-wasik.pl\/index.php\/galeria\/sesje-okazjonalne\/"]}]},{"@type":"BreadcrumbList","@id":"https:\/\/foto-wasik.pl\/index.php\/galeria\/sesje-okazjonalne\/#breadcrumb","itemListElement":[{"@type":"ListItem","position":1,"name":"Strona g\u0142\u00f3wna","item":"https:\/\/foto-wasik.pl\/"},{"@type":"ListItem","position":2,"name":"Galeria","item":"https:\/\/foto-wasik.pl\/index.php\/galeria\/"},{"@type":"ListItem","position":3,"name":"SESJE OKAZJONALNE"}]},{"@type":"WebSite","@id":"https:\/\/foto-wasik.pl\/#website","url":"https:\/\/foto-wasik.pl\/","name":"FOTO-W\u0104SIK | FOTOGRAFIA I FILMOWANIE \u015aLUBNE","description":"FOTO-W\u0104SIK to uznane studio fotograficzne wykonuj\u0105ce reporta\u017ce \u015blubne, sesje dzieci\u0119ce i wiele wi\u0119cej. Sprawd\u017a nasz\u0105 ofert\u0119 i uzupe\u0142nij formularz kontaktowy!","publisher":{"@id":"https:\/\/foto-wasik.pl\/#organization"},"potentialAction":[{"@type":"SearchAction","target":{"@type":"EntryPoint","urlTemplate":"https:\/\/foto-wasik.pl\/?s={search_term_string}"},"query-input":"required name=search_term_string"}],"inLanguage":"pl-PL"},{"@type":"Organization","@id":"https:\/\/foto-wasik.pl\/#organization","name":"FOTO-W\u0104SIK | FOTOGRAFIA I FILMOWANIE \u015aLUBNE","url":"https:\/\/foto-wasik.pl\/","sameAs":["https:\/\/www.facebook.com\/fotowasikfotografiaifilmowanie"],"logo":{"@type":"ImageObject","inLanguage":"pl-PL","@id":"https:\/\/foto-wasik.pl\/#\/schema\/logo\/image\/","url":"https:\/\/foto-wasik.pl\/wp-content\/uploads\/2022\/08\/fb.jpg","contentUrl":"https:\/\/foto-wasik.pl\/wp-content\/uploads\/2022\/08\/fb.jpg","width":340,"height":340,"caption":"FOTO-W\u0104SIK | FOTOGRAFIA I FILMOWANIE \u015aLUBNE"},"image":{"@id":"https:\/\/foto-wasik.pl\/#\/schema\/logo\/image\/"}}]}},"_links":{"self":[{"href":"https:\/\/foto-wasik.pl\/index.php\/wp-json\/wp\/v2\/pages\/6047"}],"collection":[{"href":"https:\/\/foto-wasik.pl\/index.php\/wp-json\/wp\/v2\/pages"}],"about":[{"href":"https:\/\/foto-wasik.pl\/index.php\/wp-json\/wp\/v2\/types\/page"}],"author":[{"embeddable":true,"href":"https:\/\/foto-wasik.pl\/index.php\/wp-json\/wp\/v2\/users\/1"}],"replies":[{"embeddable":true,"href":"https:\/\/foto-wasik.pl\/index.php\/wp-json\/wp\/v2\/comments?post=6047"}],"version-history":[{"count":6,"href":"https:\/\/foto-wasik.pl\/index.php\/wp-json\/wp\/v2\/pages\/6047\/revisions"}],"predecessor-version":[{"id":6061,"href":"https:\/\/foto-wasik.pl\/index.php\/wp-json\/wp\/v2\/pages\/6047\/revisions\/6061"}],"up":[{"embeddable":true,"href":"https:\/\/foto-wasik.pl\/index.php\/wp-json\/wp\/v2\/pages\/10"}],"wp:attachment":[{"href":"https:\/\/foto-wasik.pl\/index.php\/wp-json\/wp\/v2\/media?parent=6047"}],"curies":[{"name":"wp","href":"https:\/\/api.w.org\/{rel}","templated":true}]}}